ppose 9*j = 2*j + 294. Suppose 4*h = z - 38, -3*z + 2*z + 5*h + j = 0. Calculate the greatest common factor of 2 and z.
2
Let k(u) = u**2 + 5*u - 12. Suppose -5*s = -2*b - 3, b + 5*s = 4*b + 12. Let c be k(b). What is the greatest common factor of c and 16?
8
Suppose 3*l = -41 + 128. Suppose -347 = -c - 3*c - d, 5*d = 5*c - 440. Calculate the greatest common divisor of c and l.
29
Suppose 0*a - a + 133 = 0. Let w(q) = -q**2 + 19*q - 71. Let f be w(10). What is the greatest common divisor of a and f?
19
Suppose -4*l + 224 = q, 8*l - 6*l + q = 114. Calculate the highest common factor of 35 and l.
5
Suppose -2*k - 104 = -6*k. Suppose 0 = 4*w - 2*z - 98, 2*w - 31 - 12 = 3*z. Calculate the greatest common factor of k and w.
26
Let r(q) = 2*q**2 + 52*q + 26. Let g be r(-26). Calculate the highest common factor of 416 and g.
26
Let c(o) = -21*o + 771. Let q be c(26). What is the greatest common divisor of 150 and q?
75
Let j(g) = -g**3 + 4*g**2 + 2*g - 6. Let t = 37 + -34. Let z be j(t). What is the highest common divisor of z and 9?
9
Let z be ((-2)/(-8))/(425/212 + -2). Let w = 75 - z. Calculate the greatest common divisor of 33 and w.
11
Suppose 4*a + 4*q = 1348, 381 = 4*a - 2*q - 961. Calculate the highest common factor of a and 28.
28
Let r(b) = -b**3 - 7*b**2 - 3*b. Let u be r(-7). Let v(p) = 2*p - 25. Let w be v(u). Calculate the highest common divisor of w and 85.
17
Suppose -16*g + 28 = -14*g. Calculate the highest common factor of 434 and g.
14
Suppose 0 = x - 2*u - 2*u + 26, -4*u + 8 = 0. Let m = x - -28. Suppose 0 = -3*n + 5*v + 210, -n = 4*v - 80 + m. What is the greatest common factor of n and 28?
14
Suppose 0 = -h + 4*n - 2, -4*h + 2*n + n + 5 = 0. Suppose 3 + 7 = h*k. Let y = k + 0. Calculate the highest common factor of 15 and y.
5
Let j be (57 - 65)/(-2*2/120). What is the highest common divisor of j and 60?
60
Let d = -3336 + 3345. Let p(v) = -81*v**3 + v**2 + 2*v + 1. Let s be p(-1). Calculate the highest common divisor of s and d.
9
Suppose -8*n + 2*b + 161 = -3*n, -5*n + 3*b = -159. What is the greatest common factor of 198 and n?
33
Let b(s) = s**3 - 18*s**2 - 58*s - 10. Let f be b(21). What is the greatest common factor of 76 and f?
19
Let i(w) = -w**2 + 46*w - 77. Let x be i(33). Let g be (0 - (0 - 0)) + 32. Calculate the greatest common factor of x and g.
32
Suppose -2*i = 5*t - i - 4, 0 = -2*t - 2*i. Let a(z) = 4*z - 17. Let m be a(9). Calculate the greatest common divisor of t and m.
1
Let l(z) = -65*z - 515. Let g be l(-9). Calculate the highest common factor of 2030 and g.
70
Let v be ((-10)/(-15))/(3/(-27)). Let q be (-4)/16*2*v. Let i = 1 + q. What is the greatest common factor of i and 12?
4
Let f = -22 - -42. Suppose 17*l = 127 + 213. What is the greatest common divisor of l and f?
20
Let a(l) = 10*l**3 - 5*l**2 + 3*l - 3. Let n be a(3). Let q(g) = -24*g - 111. Let t be q(-6). What is the greatest common factor of n and t?
33
Let w = 211 - 139. Calculate the highest common divisor of w and 180.
36
Let o be 1/4 - (-2831)/4. Calculate the greatest common factor of 12 and o.
12
Suppose 463 = 5*l - 82. Let c = l + -61. Suppose -26 - 454 = -4*i. What is the highest common factor of i and c?
24
Let i be (-2 + -3 + 5)/(-1). Suppose i*j + 20 = 5*j. Suppose j*n - 23 = -7. Calculate the highest common divisor of 8 and n.
4
Let c = 8519 + -5522. What is the greatest common factor of c and 37?
37
Let s be 4 - (-225 - (6 - 11)). What is the highest common divisor of s and 256?
32
Let y = -44 + 99. Suppose -5*c + 15 + y = 5*m, -70 = -4*m + 3*c. What is the greatest common divisor of m and 2?
2
Let r = -161 + 207. Calculate the greatest common factor of 437 and r.
23
Let l be (-2*(-66)/12)/((-5)/(-15)). Let u be ((-8)/12)/(2/(-6)). Let h be (13 + u/(-1))*3. Calculate the highest common factor of h and l.
33
Let j(p) = p - 22. Let w be j(25). Let s be (-4)/8*(-2 - 0). What is the highest common factor of s and w?
1
Suppose 2*j - 99 = 27. Let q = j - -137. Suppose -q = -42*v + 37*v. Calculate the highest common factor of v and 120.
40
Let l = -37 - -66. Let c = 31 - l. Let d be (c - -2 - 10)*-2. Calculate the greatest common factor of d and 4.
4
Suppose r + 6 - 155 = -2*o, 2*o + 3*r = 159. Let f = 151 - 213. Let y = -14 - f. What is the highest common factor of y and o?
24
Suppose -699 + 1119 = 14*c. Calculate the highest common factor of c and 294.
6
Let f(d) = -d**2 + 9*d - 11. Let y be f(6). Suppose -3*q + y*q - 100 = 0. Let l = q + -17. What is the highest common factor of 40 and l?
8
Let q = 299 + -200. Let j = q + 568. Suppose -3*b = -j + 106. What is the highest common factor of b and 17?
17
Suppose -1074 = -6*v - 156. Let j be (-1016)/4 + (-2)/2. Let w be 2/(-3)*j/10. Calculate the highest common divisor of v and w.
17
Let a(n) = -7*n - 8. Let z(t) = -3*t - 4. Let g(k) = 2*a(k) - 5*z(k). Let j be g(0). Calculate the greatest common factor of j and 12.
4
Let z be 26/4 + -1*2/4. Let l be 1255/50*14 - z/(-10). Calculate the highest common factor of l and 44.
44
Suppose -5*j + 18 = -27. Let o(u) = -2*u**2 + 21*u - 9. Let h be o(j). What is the highest common factor of 27 and h?
9
Let w = 68 + -56. Let y be w/20 + (-554)/(-10). What is the highest common divisor of y and 84?
28
Suppose 5*l - 19 - 41 = 0. Let a be (-1)/2*(-24 - l). What is the highest common divisor of 18 and a?
18
Let i(b) = -2*b**2 - 43*b + 27. Let v be i(-22). Let p = -1 + 2. Let l be (3/3)/(p/5). What is the greatest common divisor of v and l?
5
Let w = 98 + 24. Let b be w - -1 - (10 + -6). Calculate the highest common factor of 17 and b.
17
Let z(m) = 5*m**2 - 4*m. Let o be z(2). Suppose -l = -o - 48. Calculate the greatest common divisor of l and 30.
30
Let a(j) = -33*j - 6. Let m be a(-1). Calculate the greatest common divisor of m and 36.
9
Let v(l) = 97*l + 7. Let m be v(1). Calculate the highest common factor of m and 182.
26
Let f = -261 - -365. Calculate the greatest common divisor of 78 and f.
26
Suppose 434*y + i = 429*y + 91, 3*y - i - 53 = 0. What is the highest common factor of 36 and y?
18
Suppose 194 = 3*h + 155. Suppose -5*t = -q - 273, -2*q = -t + 4*t - 156. Let l = t - 28. What is the highest common factor of h and l?
13
Let q(a) = a**3 - 20*a**2 + 20*a - 20. Let t be q(19). Let b(s) = -72*s**3 + s**2 + s. Let n be b(t). What is the greatest common factor of 36 and n?
36
Let q be -10 - 2/(-1)*2. Let j(c) = -40*c + 2. Let h be j(q). Calculate the greatest common divisor of 22 and h.
22
Let s(m) = 2*m**2 - 4*m + 1. Let y be s(3). Suppose 0 = -v + 150 + 4. Let f be v/1*4/8. Calculate the greatest common divisor of f and y.
7
Suppose 5*m - 532 - 258 = 0. Suppose j - 659 = -3*j + 3*w, j - 3*w = m. Suppose -a - 32 + j = 0. What is the highest common factor of 54 and a?
27
Let g be -3*(26*5/(-30) + 4). Let z(j) = -j + 8*j + 2 + 11*j. Let w be z(g). Calculate the greatest common factor of 180 and w.
20
Let c be (4/14)/(4/14). Let l be c*-2 + 21 + -10. Calculate the greatest common factor of l and 72.
9
Let h(r) = -r**3 + 7*r**2 - 2*r + 1. Let v be h(6). Let z = v + -8. What is the highest common factor of z and 34?
17
Let x be (2/6)/((-2)/(-6)). Let q(s) = 6*s - 15. Let t be q(4). What is the greatest common divisor of t and x?
1
Let u = -738 + 754. Let b be (-126)/(-15) + (-2)/5. What is the greatest common divisor of b and u?
8
Suppose 1 + 29 = 15*z. What is the highest common divisor of z and 1?
1
Let h = 134 + -29. Calculate the highest common divisor of h and 15.
15
Let l(f) = -f**3 + 14*f**2 + 14*f + 9. Let y be l(15). Let r be 138/5 + y/10. Let b = 64 + -10. Calculate the highest common factor of r and b.
27
Suppose -29*d - 1068 + 1561 = 0. What is the greatest common factor of 544 and d?
17
Let q(f) = f**2 - f. Let a be q(2). Let k be (-14)/(-21) - a/3. Suppose 4*t + 4*y - 36 = 0, 5*t - y = -k*y + 27. What is the highest common divisor of t and 66?
6
Let l be -2 + 2 - (-6 - 4). Let m be -1 - 7 - (6 - l). Let s be 10/(3*m/(-6)). What is the greatest common factor of 5 and s?
5
Let p = 3912 + -2052. What is the greatest common divisor of p and 24?
12
Let l be (1 - (0 + 2)) + 21. Let n = 19 - l. Let w be (n - 0)/(4/(-80)). Calculate the greatest common divisor of w and 60.
20
Suppose 4*b = -3*t + 167, 0 = 4*b + b - 3*t - 202. Let c = -35 + b